 27 - 5, 13 = 2*v + g. Suppose -h = -v - 1. Suppose -f = -l - 24, -6*l = -l + h. Is f a composite number?
True
Let o(a) = 13*a + 2. Let x(i) = 19*i + 3. Let d(z) = 7*o(z) - 5*x(z). Suppose 2*f + 1 = -5. Is d(f) prime?
True
Let n be (-11428)/14 - 10/(-35). Let t be (-20)/(-3)*n/(-20). Suppose 4*a = -2*q - 0*q + t, -2*q - 142 = -2*a. Is a a prime number?
False
Let t(k) = 2*k**2 + 8*k - 1. Let z be t(6). Let m = z + -70. Is m composite?
True
Suppose -5*i + 23 = 2*l, 8 = 2*i - 6*i + 5*l. Suppose 207 = i*d - 594. Suppose h + 2*h = d. Is h a prime number?
True
Let p(h) = -9*h + 4. Let o be p(-5). Let f = 81 - o. Let j = 55 - f. Is j a composite number?
False
Let l = -2 + -1. Let f(j) = 51*j**2 - 2*j + 6. Is f(l) prime?
False
Let j(s) = 2*s + 1. Let k be (-1 + -2)/(1/(-3)). Let c be 34/6 - (-3)/k. Is j(c) composite?
False
Suppose 3*o = o - 5*w + 187, 434 = 4*o - 2*w. Suppose -52 = -2*k + o. Is k prime?
True
Let r(c) = -c**3 - 4*c**2 + 3*c - 4. Let t be r(-5). Let f(y) = 5*y**2 + 4*y + 7. Is f(t) composite?
False
Let h be (-3)/(-2 - 1)*-1. Let v be 0 + h/((-3)/(-6)). Is 15 + (v - (-2 - -2)) a prime number?
True
Let c(b) = 2*b**2 - 5*b - 7. Let p = 4 + 1. Suppose -p*n - 19 = -2*l + 8, l = -2*n. Is c(l) composite?
True
Suppose -4*f = 4*z - 2476, -2*z + 2039 = 5*f + 786. Is z prime?
False
Suppose -24 = -3*a - d, -4*a - 5*d = -2*a - 16. Suppose a = 4*s - 3*u, s + 2 = -2*u + 4. Suppose 2*v - 28 = -s*v. Is v a prime number?
True
Suppose -2*h - 1403 = -3*z - 3*h, 0 = 5*z - 4*h - 2327. Suppose 4*p - 5*y = z, 0*p + 2*p = 5*y + 241. Is p a composite number?
False
Suppose 763 = 8*g + 67. Is g prime?
False
Let i(k) = -k**2 + 6*k + 7. Let g be i(7). Suppose 2*z - 4*z = -q - 493, 0 = -z + 4*q + 250. Suppose -2*h - 4 + z = g. Is h a composite number?
True
Let i(n) = -n**2 - 10*n - 7. Suppose -3*b - 2*b - 45 = 0. Let u be i(b). Suppose l - 57 = -5*q, 2*q - q = -u. Is l composite?
False
Let p be 1/6*(6 - 0). Let h be -7*3/p + 3. Let x = h - -37. Is x a prime number?
True
Let q(a) = a**3 + 18*a**2 + 17*a + 13. Let h be q(-17). Suppose -9 = -4*p + 7. Suppose 3*y + h = 4*b, -1 = -6*b + 3*b + p*y. Is b a prime number?
True
Let k(i) = -i. Let p be k(-5). Suppose -2*t - 1 = -2*h + 15, -2*h - 19 = p*t. Is 43/h - 5/15 prime?
False
Let x(m) = -m**3 + 4*m**2 - 2*m + 3. Let l be x(3). Suppose -2*w = l*y - y - 661, -3*y + 384 = -3*w. Is y composite?
False
Let x be (-20)/(-4)*6/10. Suppose o = -w - 2, -w + 4*w - 4*o = -20. Is 25 + x/(6/w) a composite number?
False
Let j(z) = z + 8. Let d(g) = g**2 + g - 6. Let k be d(0). Let h be j(k). Is (39 + 0)/1 - h composite?
False
Let m(z) = 86*z**2 - 14*z - 1. Is m(6) a prime number?
True
Let l(v) = -v**2 + 12*v + 9. Let b be l(12). Let q be 1/(-3) + (-15)/b. Is (-1)/q*(225 - 7) composite?
False
Let h(r) = -54*r - 17. Is h(-5) a composite number?
True
Suppose 0*q - 4*q = -3052. Is q a composite number?
True
Let n(u) = -4*u**3 + u. Let j be n(-1). Suppose 2*i + 4*t = 22, 0 = -j*i - 4*t + 52 - 15. Is i prime?
False
Let v(h) be the third derivative of -h**6/80 - h**5/30 + h**4/24 + 2*h**2. Let k(g) be the second derivative of v(g). Is k(-7) a prime number?
True
Let l = 5 + -3. Suppose -l*j + 0*j = 0. Suppose j = y - 7*i + 2*i - 40, 65 = 4*y - i. Is y a composite number?
True
Let n(h) be the first derivative of 69*h - 1/3*h**3 - 1/4*h**4 - 3 - 1/2*h**2. Is n(0) a composite number?
True
Let l be 6/(-36) + (-50)/(-12). Suppose 4*j = 5*p + 1585, -l*j - 2*p = j - 1973. Is j prime?
False
Let i = 194 + 17. Is i prime?
True
Let m = -92 - -727. Is m a composite number?
True
Let x(h) = 23*h - 47. Is x(20) composite?
True
Let n = -358 - -612. Let z = -158 + n. Suppose 0 = -5*q + 3*p + 164, -3*q + 0*q + z = -p. Is q prime?
True
Is 326*15/10 + 4 a prime number?
False
Let z(y) = -y + 10. Let t be z(11). Is (-25 - t/(-1))*-1 a prime number?
False
Let n(k) = 5*k**2 + 5*k + 5. Let u(m) = m**2. Let z(t) = n(t) - 4*u(t). Let i be z(-5). Suppose 3*o = i*s - 7, 3*o - 5*s = -o - 1. Is o a composite number?
True
Let o(x) = 8*x + 5. Let b be o(-5). Let z be 235/b - (-4)/(-14). Let h = z + 44. Is h a composite number?
False
Let q = 343 - -88. Is q composite?
False
Suppose -4*n = -n + 3. Let u(y) = -4*y. Let p be u(n). Is (-4)/(-8) + 346/p prime?
False
Let m = 155 - 129. Is m prime?
False
Let o(l) be the second derivative of l**4/6 - l**3/2 + 3*l**2/2 - l. Let n be o(3). Suppose 3*w + 0*w - n = 0. Is w a composite number?
True
Let r(d) = -3*d. Let i be r(-2). Suppose 0 = -4*b + 2*z + i - 2, -3*z = 3*b - 21. Suppose -y = 3*j - 430, 2*j - 81 = b*y + 224. Is j prime?
False
Let m(g) = 2*g - 2. Suppose 0 = -0*w - 3*w + 9. Let h be m(w). Suppose i = 15 + h. Is i composite?
False
Suppose 4*u = y - 4, -1 - 15 = 4*y. Let s(r) = r**3 + 2*r**2. Let x be s(u). Suppose -f + 3*f - 66 = x. Is f a prime number?
False
Is 1/(3/4683 + 0) a composite number?
True
Let d(b) = 5*b**2 - 39*b - 13. Is d(12) composite?
False
Suppose 3*z - 1005 = -2*z. Suppose z = 3*m - 0*m. Is m prime?
True
Suppose -5*n + 4*a = 2*a, -3*n + 14 = -4*a. Let h be 36/8 + n/4. Suppose 20 = h*m + 4. Is m a prime number?
False
Suppose 8*i - 1338 = 2*i. Is i prime?
True
Let q(c) = c**2 + c. Let j(x) = 28*x**3 - x**2 - 5*x - 3. Let f(p) = -j(p) - 2*q(p). Is f(-2) a prime number?
False
Suppose 9*t = 4*t + 5. Let z be 0 - (-183 - (-1)/1). Is (z/6)/(t/3) a prime number?
False
Let f = -33 + 40. Is f a prime number?
True
Let m = 4 + -2. Suppose j = -h + 2*h + 28, -h - 61 = -m*j. Is j prime?
False
Let s = -59 + 31. Let r = -21 - s. Is r composite?
False
Is (83 - (-1)/(-1))*(-238)/(-68) prime?
False
Is ((-2)/(-6))/((-20)/(-42540)) a prime number?
True
Suppose 0 = 2*n + 11 + 3. Is (-235)/(-35) - 2/n composite?
False
Let y be -1 + 138*(-6)/(-9). Let v = 57 - y. Let r = v + 47. Is r a composite number?
False
Let f be (5 - 4)*-3 + 47. Let h = 23 + f. Is h composite?
False
Let j be -2*62*1/4. Let w = 75 + j. Suppose -3*g + w = 2. Is g a composite number?
True
Let a(j) = -j**3 - 20*j**2 - 25*j + 27. Is a(-20) a prime number?
False
Suppose -4*r + a = 2*a - 258, 3*r = 3*a + 201. Is r prime?
False
Suppose -v + 106 = -481. Is v a prime number?
True
Let d(r) = -r**2 - 10*r - 7. Let m be d(-8). Let a be (-4)/6 - 570/m. Is (-3 - -4) + a/(-2) composite?
True
Let o be 1 - (1 - -1 - 4). Let t be (-2841)/(-18) - (-2)/12. Suppose a - o*a = -t. Is a composite?
False
Let a = 2 + 1. Suppose 5*s - 4*d = -61, -d - 8 = -3*d. Is -106*(s/a)/6 a prime number?
True
Is 69/(-23) + 332 + 0 prime?
False
Let f(j) = -9*j - 1. Let c(h) = -h. Let a be c(4). Is f(a) a composite number?
True
Let p = 3 + 0. Let b = 18 + -11. Let m = b - p. Is m prime?
False
Let m be (2 + -3)*-6*1. Let q(x) = -x**3 + 6*x**2 + 8*x - 2. Let p be q(m). Suppose -l - p = -2*l. Is l a prime number?
False
Suppose 519 = 5*a + 74. Is a a prime number?
True
Let c be 226 - (1 - 0/1). Suppose -2*f = u + 3*f + 86, -3*u = f + 314. Let r = u + c. Is r a prime number?
False
Suppose 3*p + 144 = 3*y, 3*y = 2*p - p + 134. Let v = -20 - -14. Let i = y + v. Is i a prime number?
True
Suppose 17 - 5 = 3*t. Suppose -7 = -2*z - 3*x, t*z - 13 = -9*x + 4*x. Suppose -4 = -z*r + 40. Is r a composite number?
True
Let j(p) = -23*p - 4. Let d be j(-10). Suppose 4*z - 2*a = d, 4*z = 8*z + 5*a - 247. Is z prime?
False
Let f(c) = 8*c**2 + 42*c - 43. Is f(-20) a prime number?
False
Let y = -832 - -1785. Is y composite?
False
Is 2*3 - (-22425)/15 prime?
False
Let r(u) be the first derivative of u**4/4 + 13*u**3/3 + 7*u**2 + 7*u - 2. Is r(-11) a composite number?
True
Is ((1 - 0) + -23)*(-3 + 2) composite?
True
Let h(m) = 420*m. Let i be h(1). Suppose -i = -4*z - 160. Suppose 0 = -2*c - 3*r + z, -4*c = -0*c + 5*r - 129. Is c a prime number?
True
Suppose 5*v - 1 = 4*v, 0 = 4*x - 2*v - 6. Let n(c) = 3*c + c + 4*c**2 + 211 - 3*c - 3*c**x. Is n(0) a prime number?
True
Let u = 148 - -259. Is u composite?
True
Suppose -3*h = 5*f - 248, -3*f + 4*f + 224 = 3*h. Is h + 3/3 + 0 composite?
True
Let j be 0 + 84 + 1 + 0. Suppose -2*g + m + 41 = 0, 5*m - 12 + j = 4*g. Is g a composite number?
True
Let d = -87 - -164. Is d composite?
True
Let z(g) = 9*g**2 - 5*g - 3*g**3 + g**3 + 9 + g**3 + 0*g**3. Is z(6) composite?
True
Suppose -2*i - 2*i = -24. Is 12 - ((i - 2) + -3) composite?
False
Let p(l) = -l**2 + 3*l + 4. Let s be p(5). I